he highest common factor of 14012360 and 395.
5
Calculate the greatest common factor of 93 and 20647767.
93
What is the greatest common factor of 12359 and 3571024?
727
What is the greatest common divisor of 3773251 and 30115?
317
What is the highest common factor of 23392 and 1632?
544
Calculate the greatest common factor of 8064 and 579077856.
2016
Calculate the highest common divisor of 9075 and 2502675.
75
Calculate the greatest common divisor of 11562 and 39401.
41
What is the greatest common factor of 3074 and 2658321?
53
What is the greatest common divisor of 114214 and 1312?
2
What is the highest common factor of 1764 and 13072220?
196
What is the highest common divisor of 561315 and 345?
345
What is the greatest common factor of 7 and 3540509?
7
Calculate the highest common factor of 219936399 and 1221.
111
Calculate the highest common factor of 379545075 and 481.
481
What is the greatest common divisor of 22495 and 9666415?
55
What is the highest common factor of 1129950 and 5225?
25
Calculate the greatest common divisor of 73380 and 30168964.
4892
What is the highest common divisor of 1294362 and 1422?
18
Calculate the greatest common divisor of 1120 and 6468320.
160
Calculate the highest common divisor of 26845 and 9191.
91
What is the greatest common divisor of 86267 and 167929?
307
What is the highest common factor of 40171898 and 13?
13
What is the highest common divisor of 9805951 and 341?
31
What is the highest common factor of 1024 and 758856?
8
What is the highest common divisor of 2501522 and 6?
2
Calculate the greatest common factor of 11 and 251284407.
11
What is the highest common divisor of 51722572 and 167?
167
Calculate the greatest common factor of 9985113 and 9.
9
Calculate the highest common divisor of 8441 and 19021.
23
Calculate the highest common factor of 297530 and 180.
10
What is the highest common divisor of 264288 and 30496?
32
Calculate the highest common factor of 384 and 20371584.
384
Calculate the greatest common factor of 1599679 and 294961.
2153
What is the highest common factor of 66725 and 75225?
425
Calculate the greatest common factor of 160 and 1056650.
10
What is the greatest common divisor of 1098 and 2023635960?
1098
What is the greatest common divisor of 523035 and 1665?
45
Calculate the greatest common factor of 774130 and 126.
14
Calculate the greatest common factor of 23814923 and 627.
209
What is the greatest common divisor of 10536 and 488712?
24
Calculate the highest common divisor of 45942592 and 109504.
3776
What is the greatest common divisor of 384 and 19822008?
24
Calculate the greatest common divisor of 394 and 59863769.
197
Calculate the highest common factor of 2692586 and 26.
26
What is the greatest common factor of 1496 and 461576?
8
What is the greatest common divisor of 2820833 and 118?
1
What is the greatest common factor of 85 and 191351915?
85
What is the greatest common factor of 375030 and 436590?
810
What is the highest common factor of 788830 and 8595?
955
What is the greatest common divisor of 702864 and 14067?
27
What is the highest common divisor of 210 and 11154024?
42
Calculate the greatest common divisor of 11963744 and 2093.
13
Calculate the greatest common divisor of 6961473 and 225.
9
What is the highest common factor of 3058 and 60122?
2
Calculate the highest common divisor of 13826 and 61102.
446
Calculate the greatest common factor of 44815022 and 17584.
2198
Calculate the highest common divisor of 311514 and 2807.
7
What is the highest common divisor of 71170 and 5995?
55
Calculate the greatest common factor of 3289814 and 187.
11
What is the highest common factor of 80135 and 5181495?
1705
What is the greatest common divisor of 573895700 and 1132?
1132
Calculate the greatest common divisor of 11317867 and 88165.
2519
What is the greatest common factor of 54396537 and 273?
39
Calculate the greatest common factor of 2730 and 505358.
14
What is the greatest common factor of 83685 and 4620?
105
Calculate the greatest common factor of 21941069 and 2402.
1201
Calculate the highest common divisor of 90625 and 445295.
145
Calculate the greatest common divisor of 48625 and 26061055.
1945
What is the highest common factor of 62679030 and 199?
199
Calculate the highest common divisor of 42528 and 2171586.
2658
What is the highest common divisor of 1418841 and 261?
9
Calculate the highest common divisor of 17238494 and 686.
686
What is the highest common divisor of 2180206 and 854?
14
What is the greatest common factor of 912 and 394886120?
152
Calculate the greatest common factor of 1244754 and 1788210.
1998
What is the greatest common factor of 2434 and 4064?
2
What is the greatest common factor of 34479 and 23454659?
1277
What is the greatest common divisor of 112 and 635100116?
28
What is the greatest common factor of 161540 and 4380?
20
What is the greatest common factor of 88 and 4482028?
4
What is the highest common divisor of 66952730 and 5?
5
Calculate the highest common divisor of 940 and 17670355.
235
What is the highest common divisor of 43018752 and 8064?
2688
What is the highest common divisor of 1024363 and 2881?
67
Calculate the highest common factor of 228205 and 7440.
5
What is the highest common divisor of 2272 and 2353721?
71
What is the highest common divisor of 1599 and 2354466?
123
What is the highest common divisor of 495 and 5136901?
11
Calculate the greatest common factor of 3551 and 568160.
3551
Calculate the highest common factor of 443553701 and 30365.
6073
Calculate the greatest common divisor of 8107 and 741757.
67
What is the highest common divisor of 6416 and 17109868?
1604
Calculate the highest common factor of 9617904 and 32.
16
What is the highest common divisor of 151394 and 21358?
118
What is the highest common factor of 118621148 and 1132?
1132
What is the highest common factor of 10750916 and 44?
44
Calculate the highest common factor of 8941773 and 268047.
6873
Calculate the greatest common divisor of 392805 and 221067.
1827
What is the greatest common divisor of 666 and 13125861?
333
Calculate the greatest common factor of 66 and 468479352.
66
What is the highest common divisor of 125 and 181753025?
25
Calculate the highest common divisor of 22138676 and 4958.
134
Calculate the highest common divisor of 1228500 and 51030.
1890
Calculate the highest common factor of 28 and 265510.
14
What is the greatest common factor of 169951661 and 1582?
113
What is the greatest common divisor of 107315 and 168493?
169
Calculate the greatest common factor of 16 and 5193666.
2
Calculate the highest common factor of 18171 and 54111219.
2019
What is the highest common factor of 3894 and 35072400?
66
Calculate the highest common factor of 561696 and 96.
96
What is the highest common factor of 22496 and 439508?
76
What is the greatest common factor of 4872 and 39855744?
696
Calculate the greatest common divisor of 1551 and 151645406.
517
Calculate the highest common divisor of 674111 and 2257.
61
What is the highest common factor of 3292750 and 4750?
250
What is the highest common factor of 250631000 and 1564?
1564
Calculate the highest common divisor of 243 and 231174.
81
Calculate the greatest common divisor of 46886876 and 508.
508
What is the greatest common factor of 5729913 and 674926?
3479
What is the highest common divisor of 8563180 and 59780?
1220
What is the highest common divisor of 12650 and 838948?
506
Calculate the greatest common factor of 154 and 97104532.
14
What is the greatest common divisor of 704 and 299651?
11
What is the highest common factor of 4461403 and 28261?
59
Calculate the greatest common factor of 1304 and 325912.
8
What is the highest common divisor of 36 and 444877911?
9
What is the greatest common divisor of 42702 and 465234?
66
What is the highest common divisor of 35064 and 34488?
72
What is the greatest common factor of 710792 and 28612?
92
What is the greatest common factor of 2345935988 and 44?
44
What is the greatest common divisor of 469017 and 3699?
27
What is the highest common factor of 951980 and 220?
20
What is the greatest common divisor of 1869 and 511140?
21
What is the greatest common factor of 785980382 and 1348?
674
What is the greatest common divisor of 3052 and 6985592?
436
Calculate 